 - 998412. Determine q(-3).
6
Let j(u) = -u**2 + 6277*u - 81442. Give j(13).
-10
Let i(k) = 4*k**3 + 77*k**2 + 333*k - 194. Determine i(-9).
130
Let c(u) = 12982*u + 29326331. Calculate c(-2259).
-7
Let a(i) = -2*i**3 - 286*i**2 - 867*i + 34059. Calculate a(-139).
4
Let w(k) = -97*k**2 - 4263*k + 174. What is w(-44)?
-46
Let h(r) = 77*r**2 + 2546*r + 14146. What is h(-26)?
2
Let s(l) = -1436*l - 83430. Determine s(-58).
-142
Let f(a) = 7741*a - 2035849. Determine f(263).
34
Let o(c) = c**3 - 30*c**2 + 152*c + 98. Calculate o(20).
-862
Let a(m) = 1337*m - 88265. What is a(66)?
-23
Let f(l) = -5392*l - 37737. What is f(-7)?
7
Let t(d) = -851*d**2 - 87*d - 73. What is t(-1)?
-837
Let b(j) = -10*j**2 + 166*j + 2. Determine b(1).
158
Let g(a) = -842*a**2 - 20174*a + 820. Calculate g(-24).
4
Let y(h) = -19230*h + 76915. Give y(4).
-5
Let o(q) = -3056*q + 9313. Calculate o(3).
145
Let n(r) = r**3 - 161*r - 623. Give n(-4).
-43
Let t(x) = 3241*x - 16358. Calculate t(5).
-153
Let y(s) = -1600*s + 19866. Determine y(13).
-934
Let s(x) = 940*x - 3858. Calculate s(4).
-98
Let g(p) = -106*p**2 - 442*p - 3. Calculate g(-7).
-2103
Let g(t) = 14*t**3 + 396*t**2 + 154*t + 1177. Calculate g(-28).
1
Let b(m) = 12*m**3 - m**2 + 377*m - 2285. What is b(6)?
2533
Let a(v) = 10721*v + 2969715. What is a(-277)?
-2
Let k(n) = 11449*n - 102992. What is k(9)?
49
Let d(a) = 2*a**3 + 27*a**2 - 92*a - 1373. Calculate d(-14).
-281
Let u(a) = -13970*a - 83910. Determine u(-6).
-90
Let a(r) = 559*r + 1280. Calculate a(-2).
162
Let f(q) = -6069*q + 473358. Give f(78).
-24
Let j(b) = -166*b**2 - 24*b + 46. Give j(2).
-666
Let z(g) = -g**3 + 36*g**2 - 210*g + 40. Determine z(9).
337
Let p(s) = -6*s**2 + 153*s - 1515. Determine p(10).
-585
Let x(b) = 568*b**2 + 48*b. What is x(1)?
616
Let d(i) = -121724*i - 243245. Calculate d(-2).
203
Let g(p) = -p**2 - 15*p + 58749. Calculate g(235).
-1
Let d(v) = 35*v**2 + 114*v - 323. Calculate d(-5).
-18
Let a(r) = 166840*r - 667359. What is a(4)?
1
Let f(z) = z**3 + 24*z**2 + 122*z + 4509. Calculate f(-26).
-15
Let x(p) = -4250*p - 100641. Give x(-24).
1359
Let r(k) = 5*k**3 + 1256*k**2 + 6233*k - 60. Determine r(-5).
-450
Let n(f) = 122596*f + 122572. Calculate n(-1).
-24
Let v(k) = -k**3 + 59*k**2 - 79*k - 12667. Calculate v(53).
0
Let r(k) = -23*k**3 - 75*k**2 - 226*k - 54. Give r(-3).
570
Let a(g) = 30*g**2 + 8560*g - 5724. Determine a(-286).
-4
Let n(s) = 2*s**2 + 200*s - 10050. What is n(-137)?
88
Let n(f) = -1084*f - 155013. Give n(-143).
-1
Let f(u) = 8409*u**2 - 100879*u + 20. Calculate f(12).
368
Let z(s) = -1851*s - 539600. What is z(-292)?
892
Let k(f) = -249*f**2 + 60*f - 19. Calculate k(-1).
-328
Let d(n) = 21*n**3 - 4011*n**2 - 10*n + 1934. Give d(191).
24
Let i(v) = 2*v**3 - 29*v**2 + 15*v + 542. Determine i(12).
2
Let a(z) = 738*z - 22766. Give a(30).
-626
Let u(b) = 386937*b - 1160822. Determine u(3).
-11
Let h(d) = -3*d**3 + 31*d**2 + 82*d - 895. Give h(10).
25
Let q(b) = b**2 + 146*b + 5468. Determine q(-65).
203
Let s(j) = -121*j**2 - 2936*j - 770. Calculate s(-24).
-2
Let p(a) = -a**2 + 155803*a + 17306458. Give p(-111).
4
Let t(g) = -10*g**2 - 401*g + 835. Determine t(2).
-7
Let c(a) = -10*a**2 + 628*a - 2339. Determine c(4).
13
Let m(o) = o**2 - 118*o + 980. What is m(72)?
-2332
Let j(h) = -17*h**3 + 127*h**2 - 126*h. Determine j(1).
-16
Let b(o) = 4*o**2 - 455*o - 409898. Calculate b(382).
-12
Let l(j) = 12952*j - 142449. Calculate l(11).
23
Let j(g) = 16227*g - 356986. Give j(22).
8
Let v(a) = 4*a**2 - 2424*a - 234970. Determine v(-85).
-30
Let u(v) = -17*v**3 + 4912*v**2 + 275*v + 4043. What is u(289)?
-3
Let m(h) = 11894*h - 273570. Calculate m(23).
-8
Let a(h) = 2*h**3 - 16*h**2 - 63*h + 647. Calculate a(11).
680
Let i(c) = 7*c**2 + 1079*c - 3219. Calculate i(3).
81
Let j(d) = d**3 - 24*d**2 - 6302*d + 162546. What is j(26)?
46
Let x(l) = 2252*l - 25251. What is x(10)?
-2731
Let y(b) = -b**3 + 112*b**2 + 1260*b + 2744. Calculate y(-3).
-1
Let w(i) = -i**3 - 58*i**2 - 1013*i - 54382. Determine w(-57).
110
Let z(v) = -v**3 + 74*v**2 + 572*v - 23. Determine z(81).
382
Let x(r) = 68*r**2 - 590*r - 200. What is x(9)?
-2
Let z(l) = 58*l**2 + 15391*l - 421030. What is z(25)?
-5
Let k(v) = -v**3 - 194*v**2 + 165*v - 5831. Calculate k(-195).
19
Let p(d) = 3123*d + 53586. Give p(-17).
495
Let m(k) = -k**2 + 166616*k - 1999265. Give m(12).
-17
Let c(j) = j**3 + 148*j**2 + 4182*j + 226. Calculate c(-110).
6
Let i(v) = v**3 + 100*v**2 - 344*v - 42777. What is i(-99)?
1080
Let r(i) = -8793*i + 281384. Determine r(32).
8
Let i(o) = -5*o**3 + 18*o**2 - 300*o + 2611. Give i(9).
-2276
Let l(y) = -5*y**3 + 12*y**2 - 470*y + 2216. Give l(5).
-459
Let d(u) = 386*u**2 + 3054*u - 11. Give d(-8).
261
Let b(y) = -4357*y + 174207. Calculate b(40).
-73
Let m(n) = n**3 + 446*n**2 + 246*n + 109694. Give m(-446).
-22
Let z(j) = j**2 - 1798*j - 866259. Determine z(-395).
-24
Let y(d) = 298*d - 1954. Calculate y(-1).
-2252
Let o(t) = 1399*t + 33572. Calculate o(-24).
-4
Let n(l) = 19286*l - 1137869. Give n(59).
5
Let o(u) = -57*u - 14627. Give o(-264).
421
Let x(f) = -29261*f + 204822. Calculate x(7).
-5
Let m(i) = -2*i**2 + 43151*i - 4. Determine m(0).
-4
Let x(v) = 4*v**3 + 39*v**2 + 189*v + 12. Give x(-5).
-458
Let k(f) = -6562*f - 1697. Give k(-1).
4865
Let c(i) = -7*i**3 - 11*i**2 - 1395*i - 2801. What is c(-2)?
1
Let v(j) = 18813*j + 3329902. Give v(-177).
1
Let c(m) = -13445*m + 94149. Determine c(7).
34
Let u(x) = -x**3 + 69*x**2 + 145*x - 161. Calculate u(71).
52
Let z(b) = 3*b**3 - 775*b**2 + 177*b + 20885. Calculate z(258).
-13
Let b(d) = -3278*d + 20730. Calculate b(6).
1062
Let f(m) = 28*m**2 + 28*m + 8. Determine f(-4).
344
Let v(q) = -3*q**3 - 40*q**2 + 155*q + 185. Give v(-16).
-247
Let v(l) = -1505*l + 13294. What is v(9)?
-251
Let k(n) = 4*n**2 + 523*n - 4280. What is k(8)?
160
Let g(d) = d**3 - 207*d**2 - 1727*d + 277. Calculate g(215).
-1228
Let b(u) = u**3 - 42*u**2 + 368*u + 878. Determine b(26).
-370
Let p(a) = -a**3 + 75*a**2 - 382*a + 660. Calculate p(69).
2868
Let b(i) = -1793*i - 16036. Determine b(-8).
-1692
Let d(y) = -1021*y + 40823. Calculate d(40).
-17
Let s(r) = -478*r**2 + 992*r - 1992. What is s(2)?
-1920
Let n(b) = -b**3 + 21*b**2 - 429*b + 9335. Calculate n(22).
-587
Let n(j) = 166519*j - 999112. Calculate n(6).
2
Let o(h) = 37*h**2 + 322*h + 814. Give o(-3).
181
Let d(q) = -46*q**2 + 2335*q + 272. What is d(51)?
-289
Let f(o) = -o**2 + 3171*o - 31626. Give f(10).
-16
Let m(c) = -2*c**2 - 8328*c - 41607. What is m(-5)?
-17
Let c(t) = -21*t**3 + 7*t**2 - 1016*t + 1992. Determine c(2).
-180
Let x(c) = -1838*c + 126546. Give x(69).
-276
Let o(k) = -649*k**3 - 5*k**2 + 212*k + 217. Give o(-1).
649
Let y(v) = -4454*v - 1483207. What is y(-333)?
-25
Let s(z) = 8*z**2 + 4820*z + 33357. Calculate s(-7).
9
Let l(o) = -17*o**2 - 555*o + 229. Determine l(-34).
-553
Let d(h) = -160*h - 4222. What is d(-28)?
258
Let y(w) = -w**3 - 31*w**2 - 35*w + 3312. What is y(-17)?
-139
Let w(d) = -2*d**3 - 178*d**2 - 1457*d + 4719. Calculate w(-12).
27
Let n(d) = -1667*d + 80019. What is n(48)?
3
Let d(u) = -u**3 + 8207*u**2 + 4*u + 14. Give d(0).
14
Let o(w) = -w**2 + 219*w + 20439. Determine o(-71).
-151
Let n(y) = y**2 + 240*y - 9168. Calculate n(34).
148
Let j(p) = -54689*p - 929712. Give j(-17).
1
Let h(o) = -23222*o - 325110. Give h(-14).
-2
Let y(q) = q**3 + 186*q**2 - 15062*q + 1287. Determine y(-247).
52
Let p(b) = -1031*b - 52400. Calculate p(-51).
181
Let u(g) = g**3 - 12*g**2 + 20*g + 64. Determine u(9).
1
Let a(j) = j**3 + 85*j**2 - 2096*j + 34. Determine a(20).
114
Let k(r) = 19584*r + 20338. Give k(-1).
754
Let k(s) = 2*s**2 - 1877*s - 78290. Give k(-40).
-10
Let u(n) = -11*n**2 - 2655*n - 18966. Determine u(-234).
-12
Let i(f) = 48*f + 233. Give i(-23).
-871
Let d(q) = -q**2 - 182*q + 309823. Determine d(-655).
8
Let r(p) = 77626*p - 2173543. Calculate r(28).
-15
Let b(s) = 13*s**2 - 4218*s + 69690. What is b(307)?
1
Let w(k) = -137035*k - 411102. What is w(-3)?
3
Let p(o) = -9*o**3 + 151*o**2 - 70*o + 1560. What is p(17)?
-208
Let a(l) = 2*l**2 - 70*l - 68. Give a(24).
-596
Let g(u) = -u**3 + 81*u**2 + 1094*u + 2256. Calculate g(93).
210
Let l(a) = -3*a**3 - a**2 + 52*a + 203. Give l(-6).
503
Let h(n) = 139*n +